ed by m.
59
Let c be (-5 + 1)/(-1) + 16. Suppose 4*o + 38 = z - o, -c = -z - 4*o. Calculate the remainder when z is divided by (-2 - -14) + 4/(-2).
8
Suppose 6 = n + 14*i - 16*i, -5*i = -3*n + 22. Let s = 59 - 35. Suppose m = -2*m + s. Calculate the remainder when n is divided by m.
6
Suppose 3*p + 0*p = 57. Let x be 12/(-10)*(-20)/(-3). What is the remainder when (-12)/x - 218/(-4) is divided by p?
18
Let g(w) = -27 - w**3 + 27 + 2*w**3 + 7*w**2 + 8*w. Let l be g(-6). What is the remainder when l/(((-12)/3)/8) is divided by 9?
6
Let c = 392 + -320. Calculate the remainder when c is divided by 35.
2
Suppose -3*z = 6*z - 522. Calculate the remainder when 229 is divided by z.
55
Suppose 2*c - 23 = b - 94, 0 = -4*b + c + 263. What is the remainder when b is divided by 3/(-15) - 172/(-10)?
14
Let i(m) = 2*m**2 + 15*m + 19. Let g be i(-8). Suppose 29*t - 112 = g*t. Calculate the remainder when t is divided by 12.
8
Let i = -17 + 57. Let s = i - -56. Calculate the remainder when s is divided by 7.
5
Let z(v) = 7*v**2 - 5*v - 1. Let o be z(5). Let i = o + -57. What is the remainder when (i/2)/(2/3) is divided by 24?
21
Suppose 4*c - 6 = 5*x, 3*x - 21 = -5*c + 5. Let m be (-2)/x + (-27 - 0). Calculate the remainder when (-168)/(-2)*(-14)/m is divided by 11.
9
Let o(c) = c**3 - 5*c**2 + 6*c - 6. Let r be o(4). Suppose -22 - 18 = -r*g. Calculate the remainder when g is divided by (-94)/(-14) - 24/(-84).
6
Let p = 1 + -18. Let m = p - -38. Suppose z - 2*y = m, 3*z - 44 = -z - 2*y. Calculate the remainder when z is divided by 5.
3
Let l = 357 - 328. What is the remainder when 132 is divided by l?
16
Let g = 98 + -67. Suppose h + 17 = s, 0 = -s + 5*h + g - 14. Suppose o - 22 = -4*n, 5*o = -2*n - 3*n + 65. Calculate the remainder when s is divided by o.
7
Suppose -4*a + 3*y + 236 = 0, 4*a + 7*y = 2*y + 236. Calculate the remainder when 238 is divided by a.
2
Let q = 167 + -157. Let b(k) = -k**2 - 2. Let o be b(-3). Let d = 28 - o. Calculate the remainder when d is divided by q.
9
Suppose -7*w - 6 = -4*w. Let q(p) = 2*p**2 + 3*p + 3. Let u be q(w). Suppose -23 + 63 = u*a. What is the remainder when a is divided by 3?
2
Calculate the remainder when 6/(-5 - (-6)/(672/566)) is divided by 8.
0
Suppose 0 = -5*d + 143 + 137. Let q = d + -45. What is the remainder when 41 is divided by q?
8
Let b(z) = 10*z. Let d be b(2). Suppose 2 = -2*u + d. Let p = 308 + -285. Calculate the remainder when p is divided by u.
5
Suppose 228 = 2*f + 32. Calculate the remainder when 110 is divided by f.
12
Suppose 3*d + 3*i - 74 = 337, d + 4*i - 125 = 0. What is the remainder when d is divided by 36?
33
Let q = -723 - -1067. Suppose 3*k + k = q. Suppose -f - k = -3*f. What is the remainder when f is divided by 12?
7
Suppose 0 = 5*b - l + 687, -3*b + l - 4*l = 423. Let x = b + 230. Calculate the remainder when x is divided by 19.
16
Suppose -p - a = 2*a - 12, 2*p + 6 = 4*a. Suppose 4*u - 10 = -4*z + 10, 6 = -p*z. What is the remainder when u is divided by 5?
2
Suppose -5*x = -3*x. Calculate the remainder when (-5 + (-8)/(-2))*-41 is divided by 12 - (x - (-1 + 0)).
8
Let t = 682 + -655. What is the remainder when 671 is divided by t?
23
Suppose -11 - 6 = -o. What is the remainder when -1 + -1 - -1 - (-66 - -15) is divided by o?
16
Let k = 21 - -87. Suppose -84*x + 77*x = 1575. Let l = 247 + x. Calculate the remainder when k is divided by l.
20
Let u = -3 - -15. Let d = 0 + u. Calculate the remainder when 25 is divided by d.
1
Let y(k) = 7*k**3 - 1. Let r be y(1). Suppose 5*q - m - 97 = 0, 0 = q - r*m + m - 5. What is the remainder when 77 is divided by q?
17
Let h be (-63)/(-6)*(-6)/(-3). Let y be h - 2*3/(-2). Let x = -11 + y. Calculate the remainder when 25 is divided by x.
12
Let z(h) = 5*h**2 + 5*h + 13. Calculate the remainder when z(-4) is divided by 23.
4
Let r be 748*(-4 + 1)/(9/(-6)). Suppose 3*u + r = 11*u. Calculate the remainder when u is divided by 27.
25
Suppose 0 = j - 5*j - 8. Suppose 3*h - 39 = -6. Calculate the remainder when (-12)/j*(-104)/(-12) is divided by h.
8
Let q be (10/3)/((-8)/(-12)). Suppose 760 - 170 = q*b. Let w = b + -48. What is the remainder when w is divided by 18?
16
Suppose 46*m - 22*m = 8952. What is the remainder when m is divided by 128?
117
Let x(o) = -8*o + 6. Let w = -4 - -4. Suppose w = -i - 1, 2*i = -3*r - 5 + 36. Calculate the remainder when x(-6) is divided by r.
10
Suppose 0*l + 22 = l. Suppose -972 - 488 = -5*b. What is the remainder when (-2)/(-7) + 2/14*b is divided by l?
20
Suppose 5*p - 31 = 19. Calculate the remainder when 87 is divided by p.
7
Let c be (-14)/(-4)*(-12)/(-7). Let k = c - 0. Suppose 5 = 5*z - 5. What is the remainder when k is divided by z?
0
Suppose -5*d = -0*d - 2*t - 21, 4*d - 5*t = 27. Suppose -d*i = -2*i. What is the remainder when 114 + i + (-2 - 2) is divided by 37?
36
Suppose 1541 + 1891 = 39*u. What is the remainder when u is divided by 30?
28
Suppose -h - 4*h + 14 = 3*r, 0 = -2*r + 4*h + 24. Suppose 3 + 18 = k. What is the remainder when k is divided by r?
5
Suppose z + 0*z = 29. What is the remainder when 106 is divided by z?
19
Let l be (-6)/10 + (-104)/(-40). Suppose r = -0*r + 12. What is the remainder when r is divided by (-2 + 3/l)*-10?
2
What is the remainder when 18 is divided by 16 + 2*((-12)/(-4) + -4)?
4
Suppose 5*o - 2*o = 1017. What is the remainder when o is divided by 18?
15
Suppose -6*f + 84 = -12. Calculate the remainder when 45 is divided by f.
13
Let n(c) = c**3 + c**2 - c + 10. Let t be n(0). Suppose -16 + t = -i. Suppose 11*g - i*g - 90 = 0. Calculate the remainder when g is divided by 10.
8
Let v be 1*(9 - 0/2). Let o = 23 - v. Suppose -f = -o - 8. Calculate the remainder when 43 is divided by f.
21
Calculate the remainder when 307 is divided by 1/(7/1302*3).
59
Let k = -71 + 92. Let y be (-6)/3 - -4 - -17. Suppose y = 2*b + 3. What is the remainder when k is divided by b?
5
Let b(g) be the first derivative of 8 + 7/2*g**2 - 2*g. What is the remainder when b(3) is divided by 11?
8
Let r = 316 - 288. What is the remainder when 195 is divided by r?
27
Suppose 9 = -y - 51. What is the remainder when 50 is divided by (27/(-5))/(18/y)?
14
What is the remainder when 188 is divided by ((2 - -183) + 4)*(-15)/(-45)?
62
Let p(b) = b**2 + 5*b + 8. Suppose 0 = 3*w - w + 12. Let m be p(w). What is the remainder when 59 is divided by (m - 3) + -1 - 0?
9
Let p(r) = r**2 - 7*r + 2. Let w(v) = -v**3 + 6*v**2 - 2*v - 4. Let o be w(5). Calculate the remainder when p(o) is divided by (-2)/9 + 436/18.
22
Let y be (0 - (-1 + -1))*2. Suppose -y*j + 81 = -3. Calculate the remainder when j is divided by ((-15)/(-9))/((-15)/(-324)*3).
9
Let h = 29 + -21. Calculate the remainder when ((-3)/(-8))/(1/h) is divided by 2.
1
Calculate the remainder when 96/9*609/58 is divided by 29.
25
Let t(n) = n**2 + 8*n + 2. Let q be t(-8). Suppose -q = d - 10. Suppose -3*a = -4*m - 8*a + 104, 25 = m + a. Calculate the remainder when m is divided by d.
5
Suppose 140 = 6*u - 58. What is the remainder when 159 is divided by u?
27
Let z(f) = -f**2 + 3*f + 3. What is the remainder when (-12 + 63/6)*8/(-3) is divided by z(3)?
1
Suppose -5*r = -4*k + 67, 0 = -k + r - 5 + 22. Calculate the remainder when 179 is divided by k.
17
Suppose 190 = 5*c + 5*u, 17*c + 3*u + 114 = 20*c. What is the remainder when 285 is divided by c?
19
Let n = 35 - 14. Let f = 4985 + -4980. Calculate the remainder when n is divided by f.
1
Suppose 3*u - 2*u - 15 = -3*g, -2*g = 4*u - 20. Suppose -u*v = -5 - 4. Calculate the remainder when 47 is divided by v.
2
Let d be 132 + ((-2)/(-1) - 4). Suppose 0*l + 5*l = d. Calculate the remainder when l is divided by (9/4)/(240/960).
8
Let d = -838 + 975. Let u(y) = -y**2 + 7*y + 8. What is the remainder when d is divided by u(6)?
11
Suppose -5718 = -38*d - 1766. Calculate the remainder when d is divided by 37.
30
Let y = -9 - 3. Let j(r) = 2*r**2 + 23*r - 4. Calculate the remainder when 30 is divided by j(y).
6
Let h(l) = l**3 + 13*l**2 + 19*l - 9. Calculate the remainder when 400 is divided by h(-10).
97
Let c(l) = 85*l. Let k = -21 - -19. Let a be (-8)/(-2)*k/(-8). Calculate the remainder when c(a) is divided by 29.
27
Suppose -3*u = 2*y - 75, -3*y + 21*u - 25*u + 114 = 0. What is the remainder when 753 is divided